?
2079
What is the highest common divisor of 1616 and 8841136?
1616
What is the greatest common divisor of 36 and 5570328?
12
Calculate the highest common factor of 92806 and 9880998.
1894
What is the highest common divisor of 116207 and 65?
13
Calculate the highest common factor of 39400 and 23606904.
1576
What is the greatest common factor of 316704378 and 13927?
733
Calculate the greatest common factor of 7 and 9914.
1
Calculate the greatest common factor of 218725 and 8032255.
3365
What is the highest common factor of 146 and 136736957?
73
Calculate the highest common divisor of 7880517 and 41499.
1431
What is the highest common divisor of 212438214 and 53298?
7614
Calculate the highest common factor of 146 and 154190162.
146
What is the highest common divisor of 287 and 2107273?
7
Calculate the greatest common divisor of 2225 and 83976484.
89
Calculate the highest common divisor of 104 and 482140490.
26
Calculate the greatest common divisor of 228 and 415936410.
114
Calculate the highest common factor of 509339252 and 23824.
5956
What is the greatest common factor of 533673 and 12?
3
What is the highest common divisor of 440 and 265482030?
110
What is the greatest common factor of 481 and 916550791?
481
What is the greatest common factor of 3339070 and 120?
10
What is the highest common divisor of 14747 and 53?
1
Calculate the highest common factor of 17609795 and 1680.
35
What is the greatest common divisor of 3105090 and 642?
6
Calculate the highest common factor of 32 and 14052304.
16
Calculate the highest common factor of 89 and 93435137.
89
What is the highest common divisor of 421 and 249325462?
421
Calculate the highest common divisor of 9 and 3451133403.
9
What is the greatest common factor of 3705761 and 9770?
977
Calculate the greatest common divisor of 5685012 and 2700.
108
Calculate the greatest common divisor of 3346 and 257915.
7
Calculate the greatest common factor of 23453 and 3311863.
499
Calculate the highest common divisor of 910728 and 36764.
364
What is the highest common divisor of 36819525 and 425?
25
Calculate the greatest common divisor of 140 and 6488321.
7
Calculate the highest common factor of 13 and 2502478004.
13
Calculate the greatest common factor of 471773 and 27593.
673
What is the highest common factor of 18956922 and 66?
6
Calculate the greatest common divisor of 12049024 and 1552.
16
Calculate the highest common factor of 292680 and 285660.
540
What is the greatest common divisor of 189 and 23873913?
189
What is the greatest common factor of 103 and 8010619?
103
What is the highest common divisor of 9025 and 43725403?
361
What is the greatest common divisor of 1917 and 6947208?
1917
Calculate the greatest common divisor of 614002 and 3170974.
1174
What is the greatest common divisor of 901 and 13395061?
53
What is the highest common divisor of 3125 and 146720?
5
What is the highest common factor of 202363021 and 28?
7
What is the highest common factor of 17406890 and 30?
10
Calculate the highest common divisor of 94023 and 2799.
9
What is the highest common factor of 22066767 and 4299?
4299
What is the highest common factor of 51 and 12555911?
17
What is the greatest common divisor of 155140 and 30?
10
Calculate the highest common factor of 371 and 25840136.
7
What is the highest common factor of 786315 and 1891?
31
Calculate the greatest common factor of 3744645 and 465.
465
Calculate the highest common factor of 399254720 and 16.
16
What is the greatest common factor of 34998 and 5110629?
921
Calculate the highest common divisor of 237220548 and 76.
76
What is the greatest common divisor of 1322192823 and 147?
147
What is the highest common factor of 39965425 and 75?
25
Calculate the highest common factor of 3460 and 187957580.
3460
What is the highest common factor of 3004923 and 1659?
237
What is the greatest common factor of 189 and 179375?
7
Calculate the greatest common factor of 2377 and 5118327544.
2377
What is the greatest common factor of 2220960 and 118160?
560
Calculate the highest common factor of 596434 and 42.
2
What is the highest common divisor of 3630673 and 6035?
17
Calculate the greatest common factor of 26 and 27458944.
2
Calculate the highest common factor of 90745 and 585.
5
What is the highest common factor of 28 and 224288?
4
Calculate the greatest common divisor of 1459404 and 684.
36
Calculate the greatest common factor of 8997018 and 16047.
5349
Calculate the greatest common factor of 259141 and 30058.
19
What is the highest common divisor of 236838 and 50652?
42
What is the greatest common factor of 2500991 and 4143?
1381
What is the highest common factor of 384178 and 29219?
61
What is the highest common divisor of 1186126353 and 111?
111
Calculate the greatest common divisor of 221801500 and 60.
20
Calculate the highest common factor of 128605152 and 1248.
1248
Calculate the highest common factor of 4152 and 343272.
24
Calculate the highest common factor of 1052 and 698184.
4
Calculate the highest common factor of 154748529 and 51265.
10253
What is the highest common factor of 90 and 766979082?
18
What is the highest common factor of 2618 and 105665098?
2618
Calculate the greatest common factor of 10712 and 7249346.
2678
Calculate the greatest common factor of 480356336 and 16.
16
What is the highest common divisor of 79 and 81146035?
79
What is the greatest common divisor of 1589 and 79009?
7
What is the greatest common divisor of 194381421 and 117?
39
Calculate the greatest common divisor of 84150 and 36135.
495
Calculate the highest common divisor of 9312 and 122511.
291
What is the highest common divisor of 1532 and 500980?
4
Calculate the greatest common divisor of 156 and 552252.
12
What is the greatest common factor of 39015 and 5450829?
867
Calculate the highest common factor of 2654 and 62307958.
2654
Calculate the greatest common divisor of 19551 and 43377.
57
What is the highest common factor of 93100 and 680675?
475
Calculate the highest common divisor of 71365 and 591395.
35
What is the highest common divisor of 1177 and 218273?
11
Calculate the highest common factor of 2471 and 59878.
7
Calculate the greatest common factor of 729401 and 10053.
1117
Calculate the greatest common divisor of 481733407 and 531.
59
What is the highest common factor of 282745656 and 48?
24
Calculate the greatest common divisor of 3790 and 17339629.
379
What is the greatest common factor of 180068802 and 328?
82
What is the highest common factor of 178659 and 43200?
27
Calculate the highest common factor of 401286 and 10622.
94
What is the greatest common divisor of 215952 and 5214?
66
What is the greatest common divisor of 378999 and 1458?
81
Calculate the greatest common divisor of 52930 and 172220.
790
What is the greatest common divisor of 3832 and 2800?
8
Calculate the highest common factor of 485202 and 74112.
1158
What is the greatest common factor of 39204 and 885588?
132
What is the highest common factor of 1406 and 58559197?
703
Calculate the highest common divisor of 22020 and 30833505.
5505
Calculate the highest common divisor of 32197 and 7403.
11
Calculate the greatest common factor of 21668290 and 49.
49
Calculate the greatest common factor of 10541364 and 21638.
62
Calculate the highest common factor of 198 and 569112.
6
What is the greatest common divisor of 26144 and 2597072?
304
Calculate the greatest common divisor of 1776174 and 54.
6
What is the greatest common divisor of 4312 and 372449?
539
Calculate the greatest common divisor of 104 and 4654912.
8
What is the greatest common factor of 8520 and 30354630?
2130
What is the highest common divisor of 10 and 822310?
10
What is the greatest common divisor of 1316094 and 7473?
141
Calculate the highest common divisor of 3793722 and 870.
174
Calculate the highest common factor of 474 and 20455707.
237
What is the greatest common factor of 23 and 673831?
23
Calculate the greatest common divisor of 25547 and 51223034.
433
Calculate the highest common divisor of 175175 and 122785.
65
What is the greatest common factor of 2362068 and 1404?
108
Calculate the highest common factor of 10067722 and 154.
14
Calculate the highest common divisor of 2327640 and 11690.
70
What is the highest common divisor of 3478 and 108